ate the remainder when 4745 is divided by 2340.
65
What is the remainder when 2281 is divided by 123?
67
What is the remainder when 5759 is divided by 42?
5
What is the remainder when 116928 is divided by 167?
28
What is the remainder when 594 is divided by 164?
102
Calculate the remainder when 691349 is divided by 232.
221
Calculate the remainder when 11405 is divided by 22.
9
Calculate the remainder when 6602311 is divided by 1484.
1479
Calculate the remainder when 111659 is divided by 1105.
54
Calculate the remainder when 5641 is divided by 182.
181
Calculate the remainder when 222 is divided by 106.
10
What is the remainder when 17256 is divided by 11?
8
Calculate the remainder when 70262 is divided by 115.
112
Calculate the remainder when 420 is divided by 45.
15
What is the remainder when 2536 is divided by 323?
275
Calculate the remainder when 93057 is divided by 119.
118
What is the remainder when 3263 is divided by 64?
63
What is the remainder when 1822 is divided by 605?
7
What is the remainder when 1924 is divided by 144?
52
Calculate the remainder when 11014 is divided by 10892.
122
Calculate the remainder when 24936 is divided by 423.
402
Calculate the remainder when 27334 is divided by 44.
10
Calculate the remainder when 8719 is divided by 1113.
928
Calculate the remainder when 1106 is divided by 1061.
45
Calculate the remainder when 58655 is divided by 462.
443
Calculate the remainder when 7011 is divided by 1371.
156
What is the remainder when 447 is divided by 376?
71
Calculate the remainder when 4114 is divided by 152.
10
What is the remainder when 44669 is divided by 14878?
35
Calculate the remainder when 54572 is divided by 7788.
56
What is the remainder when 4335191 is divided by 342?
341
Calculate the remainder when 1343 is divided by 82.
31
Calculate the remainder when 47748 is divided by 1932.
1380
What is the remainder when 45212 is divided by 637?
622
Calculate the remainder when 937900 is divided by 31.
26
Calculate the remainder when 341 is divided by 250.
91
What is the remainder when 10239 is divided by 12?
3
What is the remainder when 18906 is divided by 95?
1
Calculate the remainder when 3904 is divided by 355.
354
What is the remainder when 139555 is divided by 139?
138
What is the remainder when 218513 is divided by 49?
22
What is the remainder when 1657 is divided by 26?
19
What is the remainder when 444328 is divided by 30?
28
Calculate the remainder when 103984 is divided by 2.
0
Calculate the remainder when 3855 is divided by 444.
303
Calculate the remainder when 1122382 is divided by 61.
43
Calculate the remainder when 22879 is divided by 55.
54
Calculate the remainder when 967 is divided by 564.
403
Calculate the remainder when 1842949 is divided by 26.
17
Calculate the remainder when 412 is divided by 21.
13
What is the remainder when 538115 is divided by 17?
14
What is the remainder when 655323 is divided by 21?
18
What is the remainder when 1249 is divided by 9?
7
What is the remainder when 102102 is divided by 51051?
0
Calculate the remainder when 6439 is divided by 1889.
772
Calculate the remainder when 30828 is divided by 527.
262
What is the remainder when 9428 is divided by 44?
12
Calculate the remainder when 176219 is divided by 15.
14
What is the remainder when 68835 is divided by 662?
649
Calculate the remainder when 3466 is divided by 3367.
99
Calculate the remainder when 26413 is divided by 222.
217
Calculate the remainder when 247745 is divided by 296.
289
Calculate the remainder when 5233 is divided by 119.
116
Calculate the remainder when 18880 is divided by 18736.
144
Calculate the remainder when 50545 is divided by 199.
198
What is the remainder when 41780 is divided by 47?
44
What is the remainder when 20201 is divided by 749?
727
Calculate the remainder when 29071 is divided by 45.
1
What is the remainder when 5590 is divided by 788?
74
What is the remainder when 183949 is divided by 422?
379
What is the remainder when 39616 is divided by 6600?
16
Calculate the remainder when 28768 is divided by 9537.
157
Calculate the remainder when 67975 is divided by 747.
745
Calculate the remainder when 126164 is divided by 2867.
16
Calculate the remainder when 333182 is divided by 42.
38
Calculate the remainder when 2356 is divided by 383.
58
Calculate the remainder when 542 is divided by 25.
17
Calculate the remainder when 11728 is divided by 435.
418
Calculate the remainder when 19225 is divided by 437.
434
What is the remainder when 1080 is divided by 973?
107
Calculate the remainder when 3528 is divided by 156.
96
Calculate the remainder when 456 is divided by 323.
133
What is the remainder when 129140 is divided by 71?
62
What is the remainder when 3310 is divided by 68?
46
Calculate the remainder when 8318 is divided by 405.
218
Calculate the remainder when 3768 is divided by 140.
128
What is the remainder when 401 is divided by 281?
120
Calculate the remainder when 52931 is divided by 8816.
35
What is the remainder when 2623 is divided by 2411?
212
What is the remainder when 428123 is divided by 25?
23
What is the remainder when 3116 is divided by 1015?
71
Calculate the remainder when 188220 is divided by 62.
50
Calculate the remainder when 365937 is divided by 204.
165
Calculate the remainder when 1366 is divided by 244.
146
What is the remainder when 137411 is divided by 198?
197
What is the remainder when 652182 is divided by 200?
182
Calculate the remainder when 16647 is divided by 5542.
21
What is the remainder when 537 is divided by 349?
188
Calculate the remainder when 5280 is divided by 5274.
6
What is the remainder when 49171 is divided by 2731?
13
What is the remainder when 7910 is divided by 465?
5
Calculate the remainder when 2378148 is divided by 25.
23
Calculate the remainder when 8789 is divided by 269.
181
What is the remainder when 571520 is divided by 1164?
1160
What is the remainder when 12781 is divided by 5937?
907
Calculate the remainder when 65144 is divided by 60.
44
Calculate the remainder when 2592 is divided by 104.
96
What is the remainder when 17765 is divided by 109?
107
Calculate the remainder when 59377 is divided by 989.
37
Calculate the remainder when 597907 is divided by 927.
919
Calculate the remainder when 20793 is divided by 31.
23
Calculate the remainder when 61875 is divided by 1817.
97
Calculate the remainder when 1201 is divided by 394.
19
What is the remainder when 18127 is divided by 673?
629
What is the remainder when 45682 is divided by 6524?
14
What is the remainder when 716 is divided by 590?
126
Calculate the remainder when 1648 is divided by 489.
181
What is the remainder when 3770 is divided by 539?
536
Calculate the remainder when 243433 is divided by 6762.
1
What is the remainder when 3971300 is divided by 72?
68
What is the remainder when 15154 is divided by 121?
29
Calculate the remainder when 101924 is divided by 9.
8
Calculate the remainder when 1016394 is divided by 821.
817
Calculate the remainder when 6050 is divided by 553.
520
Calculate the remainder when 971 is divided by 89.
81
What is the remainder when 310 is divided by 174?
136
Calculate the remainder when 16567 is divided by 292.
215
What is the remainder when 105862 is divided by 24?
22
What is the remainder when 40624 is divided by 4?
0
Calculate the remainder when 4820 is divided by 678.
74
What is the remainder when 3212 is divided by 403?
391
Calculate the remainder when 160205 is divided by 38.
35
What is the remainder when 4618 is divided by 1288?
754
Calculate the remainder when 1055 is divided by 908.
147
What is the remainder when 1258094 is divided by 956?
954
Calculate the remainder when 105550 is divided by 11709.
169
Calculate the remainder when 46689 is divided by 6667.
20
Calculate the remainder when 33504 is divided by 81.
51
What is the remainder when 26437 is divided by 161?
33
What is the remainder when 13304 is divided by 101?
73
What is the remainder when 45023 is divided by 406?
363
Calculate the remainder when 641385 is divided by 413.
409
What is the remainder when 34046 is divided by 984?
590
What is the remainder when 8850 is divided by 24?
18
What is the remainder when 1464078 is divided by 201?
195
What is the remainder when 46438 is divid